 + 13*d**2. Determine h(c).
10
Let m(y) = -y**3 + 4*y**2 + 7*y - 1. Let i = -8 - -11. Let d = i - 1. Let s be (5/(-15))/(d/(-30)). Give m(s).
9
Let j = -4 + 7. Let i = j - 1. Let a(q) be the second derivative of -q**5/10 + q**4/6 + q**3/2 - 3*q**2/2 - 3*q. Give a(i).
-5
Let x(i) be the second derivative of -i**5/20 + i**3/6 + 3*i. Give x(-2).
6
Let r(l) = -3*l**2 + 2*l + 4. Let h(g) = -2*g**2 + 3*g + 4. Let q(j) = 4*h(j) - 3*r(j). Let m be q(-4). Let w(v) = v - 3. Give w(m).
-7
Let o = 2 - 3. Let l(d) be the second derivative of d**6/40 + d**5/60 - d**3/6 + d**2/2 + 5*d. Let q(w) be the first derivative of l(w). Give q(o).
-3
Let v(d) = d**2 + 4*d + 3. Let o(h) be the first derivative of 3*h**2/2 + 15*h - 6. Let w be o(-6). Determine v(w).
0
Let w(d) = -3*d + 0 - 2 + d. Let q be 2/(-3)*9/2. Determine w(q).
4
Suppose -z + 3 = -6. Let h = -13 + z. Let s be h - -1 - (-9 - -3). Let r(q) = q**3 - 3*q**2 - 2*q - 1. What is r(s)?
-7
Let u be (18/(-72))/((-1)/(-4)). Let d(k) be the second derivative of -k**5/20 + k**4/12 - k. Let t(a) = -4*a**2. Let w(o) = u*t(o) - 5*d(o). Calculate w(-1).
-6
Let r(y) be the third derivative of -y**5/60 - y**4/24 + 16*y**2. What is r(3)?
-12
Suppose 0 = 3*j - 9*j + 12. Let k(o) = 3 + o**2 - o**2 - 6*o**j + 5*o**2. What is k(0)?
3
Suppose 4*d - 4 = 0, -5*d - 1 + 3 = 3*c. Let z be 0/(-1 - -4)*c. Let q(k) = -k - 6. Give q(z).
-6
Let o(r) = -13*r + 78. Let k(y) = -1. Let a be (-2)/8 - (-27)/(-36). Let d(t) = a*o(t) - 78*k(t). Give d(-1).
-13
Let k(z) = 40*z - 22*z - 19*z - 8. Let s be (0*2/6)/1. Give k(s).
-8
Suppose 4*r - 5 = -q, 0*r - 15 = 3*r - 3*q. Let m = -4 + r. Let w = 6 + m. Let d(g) = 2*g + 1. Determine d(w).
5
Let l(k) = -2*k**3 + 5*k**2 + 3*k + 3. Let i(j) = j**3 - 4*j**2 - 2*j - 2. Let s(f) = 4*i(f) + 3*l(f). Determine s(-1).
1
Let c(k) = -4 + 4*k - 2*k - 7*k + 0*k. Let m = -1 - 2. What is c(m)?
11
Let x(p) be the second derivative of p**3/6 - 7*p**2/2 + 2*p. Let n = 46 + -33. Let a = -8 + n. What is x(a)?
-2
Let o(y) be the first derivative of y**4/4 - 5*y**3/3 - y + 5. Determine o(5).
-1
Let v be (2 - 8)*2/2. Let t(o) = o**2 + 5*o - 1. Let l(a) = 2*a**2 + 10*a - 1. Let j(d) = -6*l(d) + 13*t(d). What is j(v)?
-1
Let b(y) be the second derivative of -y**5/120 + y**4/6 + 2*y**3/3 + 2*y. Let j(u) be the second derivative of b(u). Determine j(5).
-1
Let c(n) = 3*n**3 + 3*n**2 + n - 1. Let h(r) = r - 4. Let o be h(2). Calculate c(o).
-15
Let q(f) = 4*f + f - 2 - 3*f - f**3 - f - 4*f**2. Suppose -b = -5*b - 2*s + 50, 4*s = -4*b + 60. Let a = 6 - b. What is q(a)?
-6
Let x(q) = -9*q - 4*q + 15*q - 5. What is x(5)?
5
Let o(v) = 4*v**2 + 3*v + 1. Suppose 5*x + 5 = 2*l + 29, 4*x - 8 = -4*l. Determine o(l).
11
Let j(f) = -3*f**2 - 17*f + 7. Let k be j(-6). Let u(b) = -4*b**2 + 1. Determine u(k).
-3
Let j(p) = -p - 7. Let d(k) be the first derivative of k + 6. Let f(a) = 5*d(a) + j(a). Determine f(-4).
2
Let o(s) = -s**2 + 11*s - 6. Let v be o(5). Suppose 5*a + 4 = v. Let q(p) = 4*p**2 - 7 - p**3 + 0 + 2 + 2*p. Calculate q(a).
3
Let b(m) be the third derivative of -m**6/120 - m**5/12 + m**4/24 - m**3/6 + m**2. Let o = -4 - -5. Let a(h) = -4*h - 1. Let d be a(o). Give b(d).
-6
Let x(d) = -d**2 - 3*d - 2. Let f = -6 - -4. Let u be 2 + (1 - 1) + f. Suppose -2*g + 7*g + 10 = u. Calculate x(g).
0
Suppose -15 = 3*t, 4*n - 3*n + 3*t = -13. Let q(c) be the third derivative of -2*c**n + 0*c + 1/24*c**4 - 5/6*c**3 + 0. Give q(5).
0
Let y(u) be the third derivative of -u**5/60 + u**4/8 + u**3/3 + 2*u**2. Suppose 4*c = 5*c - 2. Give y(c).
4
Suppose 0*a - 9 = 3*a, -25 = 2*v + 5*a. Let r(s) be the first derivative of s**2/2 + 6*s + 3. What is r(v)?
1
Let t(d) be the first derivative of d**3/3 - 5*d**2/2 + 3*d + 3. Let v be t(5). Suppose 3 = 2*p - v. Let b(i) = -i**2 + 3*i - 4. What is b(p)?
-4
Let k(b) = b**2 + 1. Let u be k(-1). Suppose 3*r = -n - 13, -2*r = 2*n + u*r + 16. Let t(s) = 3 + 3*s + 3*s**n - 2 - 4*s**2. Calculate t(3).
1
Let k(q) = -q**2 - 5*q + 6. Let v = 61 + -68. Give k(v).
-8
Let d(f) = -4*f - 1. Let a(z) = -z. Let w be (-6)/(-15) + 28/5. Let o be (-1 + 2/w)*-9. Let i(c) = o*a(c) - d(c). Determine i(2).
-3
Suppose 13 + 11 = -5*a - 2*h, 2*h + 12 = -2*a. Let n(l) = -4*l - 5. What is n(a)?
11
Let y(m) = m**3 + 7*m**2 + 6*m - 6. Suppose 0 = -4*c - c - 5*n - 45, 8 = -4*c + 3*n. Give y(c).
14
Let l(y) = 5*y**3 - y**2 + 2*y - 1. Suppose 0 = 3*a - a + 6. Let d(v) = v + 4. Let z be d(a). Calculate l(z).
5
Suppose -k + 10 = 2*r + r, 6 = -r + 2*k. Let h(p) be the third derivative of -p**r + 0*p - 1/6*p**3 - 1/12*p**4 + 0. Give h(-5).
9
Let u(k) be the first derivative of 2/3*k**3 - 1/2*k**2 - k + 1. Determine u(-1).
2
Let w be -2 + (14/2)/1. Suppose -i - 2*i = -6. Let l(z) = z**2 + z - 1. Let q(n) = -3*n**2 + 2*n + 8. Let k(c) = i*l(c) + q(c). Give k(w).
1
Let w be 2 - -1 - (-1 + 2). Suppose -2*n - w = -n. Let c = n - -5. Let i(j) = j**2 - 4*j - 1. What is i(c)?
-4
Let b(n) be the second derivative of -n**4/2 - 18*n. Give b(-1).
-6
Let j(k) = k + 2. Let h be j(-7). Let w(v) = -6*v**2 + 5*v**2 - 5*v + 3 - 8*v**3 - 5*v**2 + 7*v**3. Calculate w(h).
3
Suppose 3*p + 0 + 16 = 5*x, -3*p - x = -14. Let l(i) = -i**2 + i. What is l(p)?
-6
Let s(v) = -v**3 - 6*v**2 - 4*v + 12. Let d be s(-5). Let r(h) = -h**2 + 6*h + 10. What is r(d)?
3
Let x(u) = -u - u**3 + 0*u**3 + 0*u**2 + 1 - u**2. Give x(-2).
7
Let x(u) = u**3 + 3*u**2 - 5*u - 6. Let f be x(-4). Let w be (f + 3)/1*1. Let h(n) = -8*n - 1. What is h(w)?
-9
Let u = 1 - -2. Suppose 0 = 2*n - u*n. Let c(o) be the third derivative of o**5/60 + o**4/24 - 2*o**3/3 + 10*o**2. What is c(n)?
-4
Let a(b) = b**3 - 5*b**2 - 2*b + 5. Suppose 6*m - 24 = 8*m. Let j be 3/m - (-42)/8. Calculate a(j).
-5
Let x be 2*(1/1 + 1). Let k(p) be the second derivative of p**3/3 + p**2 + 3*p. Determine k(x).
10
Let z(y) = -y**3 - 2*y**2 + 1. Let b(k) = k**3 + 5*k**2 - 4*k + 11. Let o be b(-6). Give z(o).
0
Let z(g) be the first derivative of -g**4/4 - g - 18. Let y be (3/(-9)*0)/(-2). Suppose 2*x = 3*t - 13, -t + 0*t - 4*x - 19 = y. Determine z(t).
-2
Let l = -32 - -36. Let q(p) = -3*p. Give q(l).
-12
Let k be 0 - 4/(2 - -2). Let r(l) = 5*l**2 - l. What is r(k)?
6
Let r(b) = -b**2 + 4*b - 2. Suppose 5*v - 2*k = 10, 7*v + 25 = 2*v - 5*k. Suppose v = 4*n - 5*n + 3. Suppose -s = -3*x + 4*s + 9, -n = -x + 4*s. Determine r(x).
1
Suppose 6*p - p = -65. Let q = -18 - p. Let h(w) = 3*w + 14*w + w**3 + 4*w**2 - 21*w. Give h(q).
-5
Let j(l) = -3 + l - 89*l**2 - 90*l**2 + 178*l**2. What is j(3)?
-9
Suppose -a - 2*a + 24 = 0. Suppose -4*c = -a*c - 20. Let m(t) = t**2 + 4*t - 3. Determine m(c).
2
Let g(a) = 781 + 3*a - 781 + 0*a. Give g(3).
9
Let m(n) = n**2 + 6*n + 3. Let d be m(-6). Let w(t) = 3*t - 7 + t**3 - d*t. Suppose 0 = 3*o - o. Determine w(o).
-7
Let d(w) = 2*w - 6. Let g(i) = -i. Let y(l) = -d(l) - 3*g(l). Give y(-5).
1
Let g(c) be the second derivative of 2*c**4/3 - c**2/2 + 7*c - 2. Determine g(-1).
7
Suppose 2*a - 21 = 5*j, -a - 2*a = -5*j - 24. Suppose 2*l - 1 - a = 0. Let r(n) = -5*n + 3*n + 2*n + 2*n**l - 1 + 2*n. Determine r(-2).
3
Suppose g - 1 - 2 = 0. Let q(r) = 26 - 26 - g*r + 2*r**2. Calculate q(2).
2
Let z be -11 + (1 - 12/(-4)). Let r(y) = -y**2 - 7*y. Give r(z).
0
Let m be 4*((-10)/(-4) - 2). Let i(p) = p + 1 + m + 1 + 2. Suppose 0*q = 2*k - 2*q + 2, 2*q = k - 4. Calculate i(k).
0
Let a be ((-3)/3)/((-2)/6). Suppose y - 16 = -a*y. Let n = y - 6. Let u(k) = 2*k**2 + k + 2. Give u(n).
8
Let d(q) = -q - 1. Let f(v) = -v**3 + 7*v**2 - 1. Let y(z) = -4*d(z) - f(z). Suppose 6 = -4*h + 30. Give y(h).
-7
Suppose 5*x - 10 = 10. Suppose -6*p = -4*p - x. Let s(o) = 3*o - 1. What is s(p)?
5
Let d(k) = 4*k**2 - k. Let n(w) = w + 6. Let x be n(-4). Suppose 2*i = -0*i + x. Determine d(i).
3
Let h = -9 + 14. Let y(o) = 2*o**2 + 2*o**2 - h*o**2 + o. What is y(1)?
0
Let f(k) = -16*k. Let w(i) = i. Let b(n) = f(n) + 12*w(n). Determine b(1).
-4
Let k(i) = 4*i - i - 5*i. Calculate k(-5).
10
Suppose -8 = -9*l + 11*l. Let u(r) = 6*r**2 + 6*r + 12. Let b(k) = -5*k**2 - 5*k - 11. Let c(x) = 7*b(x) + 6*u(x). Give c(l).
7
Let o(y) = -9*y - 3. Let d(z) = -z. Suppose 0 = 2*x, -2*r - 3*r + 5*x - 5 = 0. Let l(v) = r*o(v) + 5*d(v). Suppose 0 = -j - 4*j - 10. What is l(j)?
-5
Suppose -4*h - 2 = 4*a + 6, -3*h - 2*a = 9. Let j(t) 